*5/20 + k**4/24 - k**3/6 - 116*k**2. What is y(2)?
13
Let u(k) be the third derivative of 0 + 1/24*k**4 - 5*k**2 + 1/6*k**3 + 0*k. What is u(-7)?
-6
Suppose 5 = -5*p + 5*g - 0, 3*p + 4*g = 18. Suppose -a = p + 3. Let j(i) = -17*i**2 - 4*i + 7*i**2 - 3 + 9*i**2. Give j(a).
-8
Suppose -s = -3*g + 25, -s - g - g = 25. Let v = -20 - s. Let r(p) = -p + 6. Determine r(v).
1
Let x(z) be the third derivative of z**4/4 + z**3/3 + 151*z**2. Let v = 2 - 0. Give x(v).
14
Let w be 38/14 - 4/(-14). Suppose -w = n - 1. Let m(c) = 4*c**2 + 4*c - 15. Let i(k) = -3*k**2 - 3*k + 13. Let r(h) = -6*i(h) - 5*m(h). Calculate r(n).
-7
Let n(c) = c + 3. Suppose 3*j + 34 + 4 = -4*h, -5*j = -3*h - 43. Calculate n(h).
-8
Let f(h) be the first derivative of -1/2*h**2 + 34 + h. Determine f(2).
-1
Let i = 23 + -14. Let z(o) = -7*o + 10*o**2 + o**3 - i*o**2 - 6*o**2 + 5. Determine z(6).
-1
Let p(r) be the second derivative of -r**5/10 - 5*r**4/12 - r**3/3 + r**2 + 29*r. Suppose -3*l - z - 6 = -2*l, 21 = -4*l - 3*z. What is p(l)?
17
Let q = -52 + 55. Suppose c + 1 - 3 = 0. Let t(h) = -4 + q*h - c - 5*h + 7. Calculate t(-5).
11
Let p(n) = n - 4. Let i be -1*(0 + 0 + -1). Suppose i = -4*u + 5. Suppose s - 2 = -4*w + u, -2*w = -3*s + 9. Give p(w).
-4
Let u(y) = y**3 - 5*y**2 - 5*y - 3. Let c be u(6). Let l(i) = -i - 5*i**2 + 4*i**2 + 0*i - 4 + c*i. Calculate l(5).
-19
Suppose 0 = 2*s + 2, -4*k - 4*s - 2 = 2. Let i(g) = k*g**2 - 3*g**2 + 2*g - 1 + 4*g**2 + 4*g**2. What is i(1)?
6
Let f = 16 - 4. Let k(t) = -t + 10 - f + 1. Let n = 2 - 3. What is k(n)?
0
Let u(r) = -33*r**2 - 3*r - 2. Let t(w) = 49*w**2 + 4*w + 3. Let q(i) = -5*t(i) - 7*u(i). Let j = 290 - 289. What is q(j)?
-14
Let q(a) = 22*a**2 + 33*a + 9. Let p(c) = -5*c**2 - 8*c - 2. Let w(h) = 9*p(h) + 2*q(h). Calculate w(-5).
5
Let o(g) = 2*g**2 - 2*g - 1. Let w be o(-2). Suppose -p - w = -8. Let y(h) = 2 + 1 - 2 + 2 + 2*h. Calculate y(p).
-3
Let x(i) = -2*i**3 - 3*i**2 - i + 8. Let j(g) = -5*g**3 - 5*g**2 - 3*g + 18. Let q(u) = -3*j(u) + 7*x(u). Let s be 4/3*(-3 + 6). What is q(s)?
-22
Let v(p) = p**3 + 5*p**2 - 6*p + 2. Suppose -3*g + 0*g = -24. Let a = g + -14. Calculate v(a).
2
Suppose -3*i - 91 = 56. Let k = i + 78. Suppose 5*o + k = 9. Let b(v) = -v - 1. What is b(o)?
3
Suppose 27 + 3 = 5*u. Let r(w) = -3*w**3 + 3*w**2 + 8*w - 2. Let y(o) = 10*o**3 - 8*o**2 - 25*o + 7. Let h(m) = 7*r(m) + 2*y(m). Determine h(u).
0
Let n(l) = 2 - 8 - 12*l - 3 + 26*l - 9*l. What is n(3)?
6
Let q(t) = t**3 + t**2 - 15*t + 19. Let v be q(2). Let j(c) = 10*c**2 + c + 1. What is j(v)?
12
Let u(i) = -i**2 + 4*i - 5. Let w = 71 - 60. Let l(k) = -5*k**2 - 7*k**2 + k**3 + 11*k + 4 + 0. Let s be l(w). Give u(s).
-5
Let z(u) = -u + 8. Let v(j) be the third derivative of 0*j - 3*j**2 + 0 - 1/3*j**3 + 1/4*j**4. Let f be v(1). Calculate z(f).
4
Let d = 5 + -5. Let a be (9/3 - d)/1. Suppose m + a = -5*o, -2 - 2 = -m + 2*o. Let r(u) = 2*u - 3. Calculate r(m).
1
Let i(v) = 2*v**3 + 4*v**3 - 2*v**2 - v**3 + v**2 + 11. Let q(m) = -14*m**3 + 2*m**2 - m - 32. Let p(t) = 17*i(t) + 6*q(t). Give p(6).
-5
Let t(k) = -4*k + 19*k**2 + 14*k**2 - 35*k**2 + 3*k - 1. What is t(-1)?
-2
Let t(v) = 14*v**3 - 2*v**2 - 2*v + 3. Let i(u) be the first derivative of 15*u**4/4 - u**3 - 3*u**2/2 + 4*u - 31. Let c(s) = -2*i(s) + 3*t(s). Calculate c(1).
13
Let p(r) = 2*r**3 - 9*r**2 - 6*r - 9. Let n(x) = x**3 - 5*x**2 - 3*x - 5. Let i(j) = -11*n(j) + 6*p(j). Calculate i(2).
7
Let x(m) = 3*m**3 - 4*m**3 + 8*m - 2 + 3*m**2 - 2 - 6*m**2. Determine x(-5).
6
Let b be 6 + -3 + 1 + 1. Suppose 0*x + 15 = b*x. Suppose u - 2*j + x + 3 = 0, -1 = -u - 5*j. Let p(f) = 2*f**2 + 5*f - 4. Determine p(u).
8
Let k(t) = -3*t + 17*t**2 + t + 0*t + 3*t. Let z be 3/(-15)*15 - 4*-1. Determine k(z).
18
Let k(j) be the second derivative of -1/20*j**5 + 1/6*j**3 + 0 - 1/12*j**4 - 17/2*j**2 + 15*j. Let a be 0/(-2 + (-4)/(-1)). Determine k(a).
-17
Suppose 6*r = -5 + 59. Suppose 5*v = r - 49. Let f(a) = a**3 + 8*a**2 - 2*a - 11. Calculate f(v).
5
Suppose 5*u + 14 = s, 10*u - 2*s + 4 = 8*u. Let q(i) = -i - 5. Let d(h) = -4*h - 21. Let j(c) = -2*d(c) + 9*q(c). Give j(u).
0
Let u(a) = -a**3 - 2*a**2 - 2*a. Let l(w) = 3*w**3 + 4*w**2 + w + 3. Let j(n) = l(n) + 2*u(n). Let q be 4 - (20/4 + -3). Calculate j(q).
5
Suppose 9*f + 24 = 5*f + 2*w, -3*f = 3*w. Let q(l) = 2*l**2 + l + 3. Determine q(f).
31
Let s be (1/2)/(2/4). Let i(o) = 1. Let k(t) = t**2 - 4*t - 8. Let z(a) = s*k(a) + 6*i(a). Let w = 10 - 6. Calculate z(w).
-2
Let a(s) = s**2 - 10*s + 1. Let r(p) = p**2 - 16*p + 58. Let u be r(11). Suppose -u*j + 3*z = -24, j + z - 37 = -3*j. Give a(j).
-8
Suppose 1 = -188*y + 189*y - 5*f, 0 = -2*y + 3*f + 9. Let v(j) be the first derivative of j**2/2 - 4*j + 2. What is v(y)?
2
Let k(x) be the second derivative of x**3/3 + 5*x**2/2 - 7*x. Let s be k(-3). Let h(w) = -2*w + 2*w - w + 7*w**2. Determine h(s).
8
Let b(a) = 2 + 3 - 2 + 45*a - 44*a. Give b(-5).
-2
Suppose -3*o + i - 15 = 0, 4*o - 4*i + 3*i + 20 = 0. Let k(g) = -2*g - 17. Let x be k(o). Let h(c) = c - 3. Determine h(x).
-10
Let r(y) = -y + 3. Suppose -5*l + 3*p = 88, -5*l + 2*p - 24 = 68. Let m be (l/25)/((-4)/10). Suppose -5*f = -4*x - 8, -3*x = 4*f + m + 4. What is r(f)?
3
Let s(j) = 11*j + 20. Let v(c) = 22*c + 37. Let z(g) = 11*s(g) - 6*v(g). What is z(1)?
-13
Let n(o) = 2*o - 28. Let g(q) = -q + 14. Let u(r) = 7*g(r) + 3*n(r). Let s be 212/16 - (-23)/(-92). Give u(s).
1
Let q(f) = f - 2 - 4*f - 1. Suppose 62 = -t + 60. Let w be (t + 2 + 1 - -2)*-1. Calculate q(w).
6
Let j(a) = -a**2 - 6*a + 6. Let i = -85 + 80. Determine j(i).
11
Let j(t) = 2*t**3 + 19*t**2 - 11*t + 6. Let c(n) = n**3 + 11*n**2 - 6*n + 4. Let p(z) = -5*c(z) + 3*j(z). Let x be 3 + (-3)/(9/15). Give p(x).
4
Let c be ((-10)/15)/((-2)/18). Let p be (-72)/16*(-8)/c. Let x(r) = p*r + 7*r - 6*r - r**3 + 7*r**2. Determine x(8).
-8
Let m(t) = t**2 - 9. Let j be m(5). Suppose 13 = -2*u - 3*u - r, 2*u + j = -4*r. Let w(k) = -k**3 - k**2 - 2*k + 1. Give w(u).
9
Let i(c) be the first derivative of -c**4/4 - 3*c**3 - 4*c**2 + 6*c + 2. Let q be (-2)/16 - (-4410)/(-560). Calculate i(q).
6
Let w(n) be the first derivative of -2*n**2 + n - 73. Calculate w(-1).
5
Let n(g) = -g**3 - 13*g**2 - 10*g + 26. Let i(d) = -d**3 - 5*d**2 + 5*d - 18. Let b be i(-6). Determine n(b).
2
Let h(b) = 4*b. Let o(p) = -4*p + 3*p - 7*p + 1 + p. Let z(s) = -s - 15. Let n be z(-10). Let j(d) = n*h(d) - 3*o(d). What is j(4)?
1
Let s = -32 + 34. Let p(a) = -3*a - 3. Let r(j) = -8*j + 1 - 10 + 0. Let d(h) = 17*p(h) - 6*r(h). Give d(s).
-3
Let p(g) = -g + 22. Let i be p(31). Let d(r) = -r**3 - 10*r**2 - 8*r - 1. Give d(i).
-10
Let k(d) = d**2 + 9*d - 21. Let u be k(-16). Let f(p) = -28*p + u*p - 45*p + 1. Give f(1).
19
Let o(b) = 22*b - 25. Let s be o(3). Let p = 50 - s. Let t(y) = y**3 - 9*y**2 - 4*y + 12. Give t(p).
-24
Let y = 0 + 2. Let w(z) = y + 0 - 4 + 2*z. Suppose -25*a + q = -26*a, 2*a - 4*q + 18 = 0. Determine w(a).
-8
Let h(v) = v**2 - v + 8. Let y = 251 - 251. Determine h(y).
8
Suppose 5*p + 2*j = -58, -4*p - j - 44 = 3*j. Let i = -10 - p. Let r be (2/i)/(1 + 0). Let b(d) = -2*d**2 + 2*d - 1. Calculate b(r).
-1
Let v(c) be the third derivative of c**5/60 + 3*c**4/8 + 3*c**3/2 - 5*c**2 - 2. Give v(-7).
-5
Let j(b) = 3*b - 33. Let n(h) = 1. Let p(u) = j(u) + 3*n(u). Let o(d) = d - 10. Let f(c) = -7*o(c) + 2*p(c). What is f(7)?
3
Let z(p) = p**3 - 13*p**2 - p + 16. Suppose -65 = -13*w + 104. Calculate z(w).
3
Suppose 2*y - 20 = -0*y + 4*o, -5*y = -o - 32. Let r(m) = m**3 - 7*m**2 + 6*m - 3. Calculate r(y).
-3
Let r be 1/(-2)*92/(-23). Suppose r*w - 6*m = -4*m, -w + 5*m = 0. Let x(f) = 18 + f**2 + 0*f**3 - f**3 + 0*f**3. Calculate x(w).
18
Let f(x) = x**3 + x + 1. Let z(w) = -w**3 + 9*w**2 - 3*w - 5. Let m = 39 + -37. Let r(d) = m*f(d) + z(d). What is r(-9)?
6
Let w(g) = 6*g - 2. Let c(m) = 7*m - 3. Let p = 2 + -6. Let s(j) = p*c(j) + 5*w(j). Suppose 9 = -4*v - u, 0 = 88*v - 87*v + u. What is s(v)?
-4
Let x(q) = 4*q - 148. Let h be x(40). Let s(f) = 2*f - 18. Calculate s(h).
6
Let k(p) = -2*p + 2. Let u be k(1). Let j(n) be the first derivative of -n**4/4 - n**2/2 + 9*n - 4. Give j(u).
9
Let n(d) be the second derivative of d**3/6 - 2*d**2 - d + 38. Let t = -4 - 2. Determine n(t).
-10
Let j(l) = 10 + 4 + l**3 + 7 - 2